{"id":143,"date":"2024-03-13T10:34:07","date_gmt":"2024-03-13T09:34:07","guid":{"rendered":"https:\/\/moonshaktiyoga.fr\/?page_id=143"},"modified":"2025-08-21T22:46:39","modified_gmt":"2025-08-21T20:46:39","slug":"cours-collectifs-2","status":"publish","type":"page","link":"https:\/\/moonshaktiyoga.fr\/index.php\/cours-collectifs-2\/","title":{"rendered":"Cours Collectifs"},"content":{"rendered":"\n<p class=\"has-text-align-center\">\u00ab\u00a0L<strong>e yoga est l&rsquo;arr\u00eat des fluctuations du mental\u00a0\u00bb. <\/strong><\/p>\n\n\n\n<p class=\"has-text-align-center\"><strong>Voici ce que disait Patanjali, dans l&rsquo;un des textes fondateurs du yoga, les Yoga Sutra de Patanjali (YSP I,2<\/strong>)<\/p>\n\n\n\n<p>Form\u00e9e par Jenny REVELLI au Kripalu Yoga (<em>Hatha<\/em>), pendant deux ann\u00e9es (350h) qui furent un vrai voyage int\u00e9rieur, par Vanina GRISONI (https:\/\/www.femmelunaire.com) durant 4 mois au Yoga de la femme lunaire et au Yin Yoga (50h) au sein de l&rsquo;\u00e9cole Kavaalya par Gemma VASSALLO (https:\/\/gemmavassallo.com) et Andr\u00e9  BORIN (https:\/\/www.yogayuni.com\/a-propos), je vous propose des cours collectifs adapt\u00e9s aux cycles naturels (saisons, lune&#8230;) et aux besoins de votre corps, durant lesquels j&rsquo;invite \u00e0 une pratique adapt\u00e9e \u00e0 chacun(e), peu importe votre niveau de souplesse (et oui, m\u00eame quand on est raide, on peut faire du yoga) et de pratique, et afin que vous puissiez vous approprier ces diff\u00e9rents outils dans votre quotidien. Chaque s\u00e9ance suit les \u00e9tapes suivantes: centrage, \u00e9chauffement, travail postural et respiratoire, relaxation.<\/p>\n\n\n\n<div class=\"wp-block-columns is-layout-flex wp-container-core-columns-is-layout-1 wp-block-columns-is-layout-flex\">\n<div class=\"wp-block-column is-layout-flow wp-block-column-is-layout-flow\">\n<figure class=\"wp-block-image size-large is-resized\"><img loading=\"lazy\" decoding=\"async\" width=\"1024\" height=\"768\" src=\"https:\/\/moonshaktiyoga.fr\/wp-content\/uploads\/2024\/03\/IMG20240202114537-1-1024x768.jpg\" alt=\"salle de cours collectifs Mas Chabert\" class=\"wp-image-192\" style=\"width:500px;height:auto\" srcset=\"https:\/\/moonshaktiyoga.fr\/wp-content\/uploads\/2024\/03\/IMG20240202114537-1-1024x768.jpg 1024w, https:\/\/moonshaktiyoga.fr\/wp-content\/uploads\/2024\/03\/IMG20240202114537-1-300x225.jpg 300w, https:\/\/moonshaktiyoga.fr\/wp-content\/uploads\/2024\/03\/IMG20240202114537-1-768x576.jpg 768w, https:\/\/moonshaktiyoga.fr\/wp-content\/uploads\/2024\/03\/IMG20240202114537-1-1536x1152.jpg 1536w, https:\/\/moonshaktiyoga.fr\/wp-content\/uploads\/2024\/03\/IMG20240202114537-1-2048x1536.jpg 2048w\" sizes=\"(max-width: 1024px) 100vw, 1024px\" \/><\/figure>\n<\/div>\n\n\n\n<div class=\"wp-block-column is-layout-flow wp-block-column-is-layout-flow\">\n<p class=\"has-text-align-center\"><strong>2025-2026, Planning<\/strong><\/p>\n\n\n<div class=\"wp-block-image\">\n<figure class=\"aligncenter size-large is-resized\"><img loading=\"lazy\" decoding=\"async\" width=\"1024\" height=\"1024\" src=\"https:\/\/moonshaktiyoga.fr\/wp-content\/uploads\/2025\/08\/planning-cours-2025-2026-1024x1024.png\" alt=\"planning cours collectifs\" class=\"wp-image-490\" style=\"width:376px;height:auto\" srcset=\"https:\/\/moonshaktiyoga.fr\/wp-content\/uploads\/2025\/08\/planning-cours-2025-2026-1024x1024.png 1024w, https:\/\/moonshaktiyoga.fr\/wp-content\/uploads\/2025\/08\/planning-cours-2025-2026-300x300.png 300w, https:\/\/moonshaktiyoga.fr\/wp-content\/uploads\/2025\/08\/planning-cours-2025-2026-150x150.png 150w, https:\/\/moonshaktiyoga.fr\/wp-content\/uploads\/2025\/08\/planning-cours-2025-2026-768x768.png 768w, https:\/\/moonshaktiyoga.fr\/wp-content\/uploads\/2025\/08\/planning-cours-2025-2026.png 1080w\" sizes=\"(max-width: 1024px) 100vw, 1024px\" \/><\/figure><\/div>\n\n\n<p><strong>Cabinet d&rsquo;Ost\u00e9opathie, 51 Avenue du Ch\u00e2teau, 13940 Moll\u00e9g\u00e8s <\/strong><\/p>\n\n\n\n<p>lundi 18h30 &#8211; 19h30<\/p>\n\n\n\n<p>Les inscriptions sont ouvertes, vous pouvez d&rsquo;ores et d\u00e9j\u00e0 r\u00e9server votre place!<\/p>\n<\/div>\n<\/div>\n\n\n\n<div class=\"wp-block-columns is-layout-flex wp-container-core-columns-is-layout-2 wp-block-columns-is-layout-flex\">\n<div class=\"wp-block-column is-layout-flow wp-block-column-is-layout-flow\">\n<figure class=\"wp-block-image size-large\"><img loading=\"lazy\" decoding=\"async\" width=\"1024\" height=\"1024\" src=\"https:\/\/moonshaktiyoga.fr\/wp-content\/uploads\/2024\/03\/393507101_258068670559005_2122921986526539736_n-1024x1024.jpg\" alt=\"\" class=\"wp-image-212\" srcset=\"https:\/\/moonshaktiyoga.fr\/wp-content\/uploads\/2024\/03\/393507101_258068670559005_2122921986526539736_n-1024x1024.jpg 1024w, https:\/\/moonshaktiyoga.fr\/wp-content\/uploads\/2024\/03\/393507101_258068670559005_2122921986526539736_n-300x300.jpg 300w, https:\/\/moonshaktiyoga.fr\/wp-content\/uploads\/2024\/03\/393507101_258068670559005_2122921986526539736_n-150x150.jpg 150w, https:\/\/moonshaktiyoga.fr\/wp-content\/uploads\/2024\/03\/393507101_258068670559005_2122921986526539736_n-768x768.jpg 768w, https:\/\/moonshaktiyoga.fr\/wp-content\/uploads\/2024\/03\/393507101_258068670559005_2122921986526539736_n-1536x1536.jpg 1536w, https:\/\/moonshaktiyoga.fr\/wp-content\/uploads\/2024\/03\/393507101_258068670559005_2122921986526539736_n.jpg 1734w\" sizes=\"(max-width: 1024px) 100vw, 1024px\" \/><\/figure>\n<\/div>\n\n\n\n<div class=\"wp-block-column is-layout-flow wp-block-column-is-layout-flow\">\n<figure class=\"wp-block-image size-large\"><img loading=\"lazy\" decoding=\"async\" width=\"1024\" height=\"768\" src=\"https:\/\/moonshaktiyoga.fr\/wp-content\/uploads\/2024\/03\/393501458_258054877227051_4440145536157948501_n-1024x768.jpg\" alt=\"Cours collectifs au cabinet\" class=\"wp-image-213\" srcset=\"https:\/\/moonshaktiyoga.fr\/wp-content\/uploads\/2024\/03\/393501458_258054877227051_4440145536157948501_n-1024x768.jpg 1024w, https:\/\/moonshaktiyoga.fr\/wp-content\/uploads\/2024\/03\/393501458_258054877227051_4440145536157948501_n-300x225.jpg 300w, https:\/\/moonshaktiyoga.fr\/wp-content\/uploads\/2024\/03\/393501458_258054877227051_4440145536157948501_n-768x576.jpg 768w, https:\/\/moonshaktiyoga.fr\/wp-content\/uploads\/2024\/03\/393501458_258054877227051_4440145536157948501_n-1536x1152.jpg 1536w, https:\/\/moonshaktiyoga.fr\/wp-content\/uploads\/2024\/03\/393501458_258054877227051_4440145536157948501_n.jpg 2048w\" sizes=\"(max-width: 1024px) 100vw, 1024px\" \/><\/figure>\n<\/div>\n\n\n\n<div class=\"wp-block-column is-layout-flow wp-block-column-is-layout-flow\">\n<figure class=\"wp-block-image size-large\"><img loading=\"lazy\" decoding=\"async\" width=\"1024\" height=\"1024\" src=\"https:\/\/moonshaktiyoga.fr\/wp-content\/uploads\/2024\/03\/393409744_258080023891203_3273156860347287529_n-1024x1024.jpg\" alt=\"Salle pour les cours collectifs au Mas Chabert\" class=\"wp-image-214\" srcset=\"https:\/\/moonshaktiyoga.fr\/wp-content\/uploads\/2024\/03\/393409744_258080023891203_3273156860347287529_n-1024x1024.jpg 1024w, https:\/\/moonshaktiyoga.fr\/wp-content\/uploads\/2024\/03\/393409744_258080023891203_3273156860347287529_n-300x300.jpg 300w, https:\/\/moonshaktiyoga.fr\/wp-content\/uploads\/2024\/03\/393409744_258080023891203_3273156860347287529_n-150x150.jpg 150w, https:\/\/moonshaktiyoga.fr\/wp-content\/uploads\/2024\/03\/393409744_258080023891203_3273156860347287529_n-768x768.jpg 768w, https:\/\/moonshaktiyoga.fr\/wp-content\/uploads\/2024\/03\/393409744_258080023891203_3273156860347287529_n.jpg 1440w\" sizes=\"(max-width: 1024px) 100vw, 1024px\" \/><\/figure>\n<\/div>\n<\/div>\n\n\n\n<div class=\"wp-block-columns is-layout-flex wp-container-core-columns-is-layout-3 wp-block-columns-is-layout-flex\">\n<div class=\"wp-block-column is-layout-flow wp-block-column-is-layout-flow\">\n<p class=\"has-text-align-center\"><em>Cours collectifs en ext\u00e9rieur aux beaux jours<\/em><\/p>\n<\/div>\n\n\n\n<div class=\"wp-block-column is-layout-flow wp-block-column-is-layout-flow\">\n<p class=\"has-text-align-center\"><em>Cours collectifs au cabinet<\/em><\/p>\n<\/div>\n\n\n\n<div class=\"wp-block-column is-layout-flow wp-block-column-is-layout-flow\">\n<p class=\"has-text-align-center\"><em>Salle pour les cours collectifs au Mas Chabert<\/em><\/p>\n<\/div>\n<\/div>\n\n\n\n<div class=\"wp-block-columns is-layout-flex wp-container-core-columns-is-layout-4 wp-block-columns-is-layout-flex\">\n<div class=\"wp-block-column is-layout-flow wp-block-column-is-layout-flow\">\n<figure class=\"wp-block-image size-full\"><img loading=\"lazy\" decoding=\"async\" width=\"918\" height=\"918\" src=\"https:\/\/moonshaktiyoga.fr\/wp-content\/uploads\/2024\/03\/image-atelier-1.jpg\" alt=\"support papier atelier saisonnier\" class=\"wp-image-198\" srcset=\"https:\/\/moonshaktiyoga.fr\/wp-content\/uploads\/2024\/03\/image-atelier-1.jpg 918w, https:\/\/moonshaktiyoga.fr\/wp-content\/uploads\/2024\/03\/image-atelier-1-300x300.jpg 300w, https:\/\/moonshaktiyoga.fr\/wp-content\/uploads\/2024\/03\/image-atelier-1-150x150.jpg 150w, https:\/\/moonshaktiyoga.fr\/wp-content\/uploads\/2024\/03\/image-atelier-1-768x768.jpg 768w\" sizes=\"(max-width: 918px) 100vw, 918px\" \/><\/figure>\n<\/div>\n\n\n\n<div class=\"wp-block-column is-layout-flow wp-block-column-is-layout-flow\">\n<p><strong>Ateliers saisonniers de Moon Shakti Yoga: <\/strong><\/p>\n\n\n\n<p>Durant deux heures, apr\u00e8s un accueil autour d&rsquo;infusion et d&rsquo;un th\u00e9 yogi, vous d\u00e9couvrez les \u00e9nergies de la saison, comment prendre soin de votre corps et de votre esprit en accord avec les \u00e9nergies de la saison, puis nous faisons une pratique saisonni\u00e8re, pour accueillir et c\u00e9l\u00e9brer ce nouveau cycle solaire.<\/p>\n\n\n\n<p><strong>Ateliers Yin Yoga: <\/strong><\/p>\n\n\n\n<p><strong>Planning 2025-2026: (10h &#8211; 12h)<\/strong>, Mas Chabert, 54, route de St Andiol, 13940 Moll\u00e9g\u00e8s.<\/p>\n\n\n\n<p><\/p>\n\n\n\n<p>INSCRIPTIONS PAR EMAIL, TELEPHONE ou FB \/ Insta (carole Moon Shakti Yoga)<\/p>\n\n\n\n<p><strong>-Bient\u00f4t: <\/strong><\/p>\n\n\n\n<p>Atelier sur les cycles de la lune, sur le cycle f\u00e9minin, sur l&rsquo;ayurv\u00e9da&#8230; <\/p>\n<\/div>\n<\/div>\n\n\n\n<div class=\"wp-block-columns is-layout-flex wp-container-core-columns-is-layout-5 wp-block-columns-is-layout-flex\">\n<div class=\"wp-block-column is-layout-flow wp-block-column-is-layout-flow\">\n<figure class=\"wp-block-image size-large\"><img loading=\"lazy\" decoding=\"async\" width=\"1024\" height=\"1024\" src=\"https:\/\/moonshaktiyoga.fr\/wp-content\/uploads\/2024\/03\/image-atelier-5-1024x1024.jpg\" alt=\"Atelier saisonnier en ext\u00e9rieur \u00e0 Eygali\u00e8res\" class=\"wp-image-199\" srcset=\"https:\/\/moonshaktiyoga.fr\/wp-content\/uploads\/2024\/03\/image-atelier-5-1024x1024.jpg 1024w, https:\/\/moonshaktiyoga.fr\/wp-content\/uploads\/2024\/03\/image-atelier-5-300x300.jpg 300w, https:\/\/moonshaktiyoga.fr\/wp-content\/uploads\/2024\/03\/image-atelier-5-150x150.jpg 150w, https:\/\/moonshaktiyoga.fr\/wp-content\/uploads\/2024\/03\/image-atelier-5-768x768.jpg 768w, https:\/\/moonshaktiyoga.fr\/wp-content\/uploads\/2024\/03\/image-atelier-5.jpg 1440w\" sizes=\"(max-width: 1024px) 100vw, 1024px\" \/><\/figure>\n<\/div>\n\n\n\n<div class=\"wp-block-column is-layout-flow wp-block-column-is-layout-flow\">\n<figure class=\"wp-block-image size-large\"><img loading=\"lazy\" decoding=\"async\" width=\"1024\" height=\"768\" src=\"https:\/\/moonshaktiyoga.fr\/wp-content\/uploads\/2024\/03\/image-atelier-3-1-1024x768.jpg\" alt=\"atelier saisonnier\" class=\"wp-image-218\" srcset=\"https:\/\/moonshaktiyoga.fr\/wp-content\/uploads\/2024\/03\/image-atelier-3-1-1024x768.jpg 1024w, https:\/\/moonshaktiyoga.fr\/wp-content\/uploads\/2024\/03\/image-atelier-3-1-300x225.jpg 300w, https:\/\/moonshaktiyoga.fr\/wp-content\/uploads\/2024\/03\/image-atelier-3-1-768x576.jpg 768w, https:\/\/moonshaktiyoga.fr\/wp-content\/uploads\/2024\/03\/image-atelier-3-1-1536x1152.jpg 1536w, https:\/\/moonshaktiyoga.fr\/wp-content\/uploads\/2024\/03\/image-atelier-3-1.jpg 2048w\" sizes=\"(max-width: 1024px) 100vw, 1024px\" \/><\/figure>\n<\/div>\n\n\n\n<div class=\"wp-block-column is-layout-flow wp-block-column-is-layout-flow\">\n<figure class=\"wp-block-image size-large\"><img loading=\"lazy\" decoding=\"async\" width=\"768\" height=\"1024\" src=\"https:\/\/moonshaktiyoga.fr\/wp-content\/uploads\/2025\/08\/atelier-yin-10052025-1-768x1024.jpg\" alt=\"Atelier Yin Yoga au Mas Chabert\" class=\"wp-image-498\" srcset=\"https:\/\/moonshaktiyoga.fr\/wp-content\/uploads\/2025\/08\/atelier-yin-10052025-1-768x1024.jpg 768w, https:\/\/moonshaktiyoga.fr\/wp-content\/uploads\/2025\/08\/atelier-yin-10052025-1-225x300.jpg 225w, https:\/\/moonshaktiyoga.fr\/wp-content\/uploads\/2025\/08\/atelier-yin-10052025-1.jpg 867w\" sizes=\"(max-width: 768px) 100vw, 768px\" \/><\/figure>\n<\/div>\n<\/div>\n\n\n\n<div class=\"wp-block-columns is-layout-flex wp-container-core-columns-is-layout-6 wp-block-columns-is-layout-flex\">\n<div class=\"wp-block-column is-layout-flow wp-block-column-is-layout-flow\">\n<p class=\"has-text-align-center\"><em>Atelier saisonnier en ext\u00e9rieur \u00e0 Eygali\u00e8res<\/em><\/p>\n<\/div>\n\n\n\n<div class=\"wp-block-column is-layout-flow wp-block-column-is-layout-flow\">\n<p class=\"has-text-align-center\"><em>Atelier Saisonnier au Mas Chabert<\/em><\/p>\n<\/div>\n\n\n\n<div class=\"wp-block-column is-layout-flow wp-block-column-is-layout-flow\">\n<p class=\"has-text-align-center\"><em>Atelier Yin Yoga au Mas Chabert<\/em><\/p>\n<\/div>\n<\/div>\n\n\n\n<p>Les cours et ateliers se d\u00e9roulent \u00e0 Moll\u00e9g\u00e8s(13940), village de Provence, au pied des Alpilles, \u00e0 5 minutes d&rsquo;Eygali\u00e8res, Saint-Andiol et de Plan d&rsquo;Orgon et \u00e0 10 minutes de Saint R\u00e9my de Provence. <\/p>\n","protected":false},"excerpt":{"rendered":"<p>\u00ab\u00a0Le yoga est l&rsquo;arr\u00eat des fluctuations du mental\u00a0\u00bb. Voici ce que disait Patanjali, dans l&rsquo;un des textes fondateurs du yoga, les Yoga Sutra de Patanjali (YSP I,2) Form\u00e9e par Jenny REVELLI au Kripalu Yoga (Hatha), pendant deux ann\u00e9es (350h) qui furent un vrai voyage int\u00e9rieur, par Vanina GRISONI (https:\/\/www.femmelunaire.com) durant 4 mois au Yoga de <a class=\"read-more\" href=\"https:\/\/moonshaktiyoga.fr\/index.php\/cours-collectifs-2\/\">READ MORE<\/a><\/p>\n","protected":false},"author":1,"featured_media":0,"parent":0,"menu_order":0,"comment_status":"closed","ping_status":"closed","template":"","meta":{"om_disable_all_campaigns":false,"_monsterinsights_skip_tracking":false,"_monsterinsights_sitenote_active":false,"_monsterinsights_sitenote_note":"","_monsterinsights_sitenote_category":0,"footnotes":""},"aioseo_notices":[],"_links":{"self":[{"href":"https:\/\/moonshaktiyoga.fr\/index.php\/wp-json\/wp\/v2\/pages\/143"}],"collection":[{"href":"https:\/\/moonshaktiyoga.fr\/index.php\/wp-json\/wp\/v2\/pages"}],"about":[{"href":"https:\/\/moonshaktiyoga.fr\/index.php\/wp-json\/wp\/v2\/types\/page"}],"author":[{"embeddable":true,"href":"https:\/\/moonshaktiyoga.fr\/index.php\/wp-json\/wp\/v2\/users\/1"}],"replies":[{"embeddable":true,"href":"https:\/\/moonshaktiyoga.fr\/index.php\/wp-json\/wp\/v2\/comments?post=143"}],"version-history":[{"count":22,"href":"https:\/\/moonshaktiyoga.fr\/index.php\/wp-json\/wp\/v2\/pages\/143\/revisions"}],"predecessor-version":[{"id":529,"href":"https:\/\/moonshaktiyoga.fr\/index.php\/wp-json\/wp\/v2\/pages\/143\/revisions\/529"}],"wp:attachment":[{"href":"https:\/\/moonshaktiyoga.fr\/index.php\/wp-json\/wp\/v2\/media?parent=143"}],"curies":[{"name":"wp","href":"https:\/\/api.w.org\/{rel}","templated":true}]}}