{"id":37,"date":"2024-03-13T08:00:35","date_gmt":"2024-03-13T07:00:35","guid":{"rendered":"https:\/\/moonshaktiyoga.fr\/?page_id=37"},"modified":"2025-08-21T22:47:40","modified_gmt":"2025-08-21T20:47:40","slug":"contact","status":"publish","type":"page","link":"https:\/\/moonshaktiyoga.fr\/","title":{"rendered":"Vous accompagner pour devenir acteur de votre mieux-\u00eatre, gr\u00e2ce au Yoga, au Reiki Usui et aux sagesses ancestrales."},"content":{"rendered":"\n<div class=\"wp-block-columns container is-layout-flex wp-container-core-columns-is-layout-1 wp-block-columns-is-layout-flex\">\n<div class=\"wp-block-column is-layout-flow wp-block-column-is-layout-flow\"><\/div>\n<\/div>\n\n\n\n<div class=\"wp-block-columns alignfull is-layout-flex wp-container-core-columns-is-layout-2 wp-block-columns-is-layout-flex\">\n<div class=\"wp-block-column is-layout-flow wp-block-column-is-layout-flow\">\n<p class=\"has-text-align-center\"><strong>YOGA<\/strong><\/p>\n\n\n\n<p class=\"has-text-align-center\">Bas\u00e9e sur Moll\u00e9g\u00e8s, en Provence et au pied des Alpilles, je propose des cours collectifs, ateliers th\u00e9matiques et s\u00e9ances de yogath\u00e9rapie, de yoga de la femme et yoga pr\u00e9natal et post natal, pour vous aider \u00e0 apaiser corps et esprit et \u00e0 vous sentir plus align\u00e9 dans votre quotidien.<\/p>\n<\/div>\n\n\n\n<div class=\"wp-block-column is-layout-flow wp-block-column-is-layout-flow\">\n<p class=\"has-text-align-center\"><strong>REIKI USUI<\/strong><\/p>\n\n\n\n<p class=\"has-text-align-center\">Cette m\u00e9thode d\u2019apposition des mains lors d\u2019un soin aide \u00e0 \u00e9quilibrer les \u00e9nergies et promouvoir l\u2019apaisement physique, psychique et \u00e9motionnel. Je propose des soins au cabinet ainsi que des initiation pour devenir \u00e0 votre tour canal. <\/p>\n<\/div>\n<\/div>\n\n\n\n<div class=\"wp-block-columns is-layout-flex wp-container-core-columns-is-layout-3 wp-block-columns-is-layout-flex\">\n<div class=\"wp-block-column is-layout-flow wp-block-column-is-layout-flow\">\n<p class=\"has-text-align-center\"><strong>Que ce soit \u00e0 travers le Yoga ou le Reiki, et nourrie par les sagesses ancestrales et mon parcours de vie, j&rsquo;ai \u00e0 c\u0153ur de vous aider \u00e0 vous <\/strong><\/p>\n\n\n\n<p class=\"has-text-align-center\"><strong>reconnecter \u00e0 votre Essence, par vous-m\u00eame, gr\u00e2ce \u00e0 ce merveilleux messager qu&rsquo;est le corps.    <\/strong><\/p>\n\n\n\n<p class=\"has-text-align-center\"><strong>Lorsqu&rsquo;il nous guide sur notre chemin et nous indique si ce que l&rsquo;on fait \/ vit est align\u00e9 ou non, libre \u00e0 nous ensuite de l&rsquo;\u00e9couter ou pas .<\/strong><\/p>\n\n\n\n<p class=\"has-text-align-center\"><strong>Tous mes accompagnements ont pour seul but de vous permettre de (re)devenir acteur-actrice de votre vie et de votre mieux-\u00eatre,<\/strong><\/p>\n\n\n\n<p class=\"has-text-align-center\"><strong>et de vivre plus sereinement et en phase avec votre Nature profonde. <\/strong><\/p>\n\n\n\n<p><\/p>\n<\/div>\n<\/div>\n\n\n\n<div class=\"wp-block-buttons is-content-justification-center is-layout-flex wp-container-core-buttons-is-layout-1 wp-block-buttons-is-layout-flex\">\n<div class=\"wp-block-button\"><a class=\"wp-block-button__link wp-element-button\" href=\"https:\/\/liberlo.com\/profil\/carole-maurel\/\" target=\"_blank\" rel=\"noopener\"><img decoding=\"async\" src=\"https:\/\/liberlo.com\/wp-content\/themes\/liberlo\/assets\/imgs\/logo-simple-blanc.png\" alt=\"\"><span class=\"text\">RDV sur Liberlo.com<\/span><\/a><\/div>\n<\/div>\n\n\n\n<div class=\"wp-block-columns is-layout-flex wp-container-core-columns-is-layout-4 wp-block-columns-is-layout-flex\">\n<div class=\"wp-block-column is-vertically-aligned-stretch is-layout-flow wp-block-column-is-layout-flow\"><div class=\"wp-block-image\">\n<figure class=\"alignright size-full is-resized\"><a href=\"https:\/\/www.facebook.com\/profile.php?id=100090676218919\"><img loading=\"lazy\" decoding=\"async\" width=\"204\" height=\"204\" src=\"https:\/\/moonshaktiyoga.fr\/wp-content\/uploads\/2024\/03\/image-FB-5.png\" alt=\"\" class=\"wp-image-283\" style=\"width:42px;height:auto\" srcset=\"https:\/\/moonshaktiyoga.fr\/wp-content\/uploads\/2024\/03\/image-FB-5.png 204w, https:\/\/moonshaktiyoga.fr\/wp-content\/uploads\/2024\/03\/image-FB-5-150x150.png 150w\" sizes=\"(max-width: 204px) 100vw, 204px\" \/><\/a><\/figure><\/div><\/div>\n\n\n\n<div class=\"wp-block-column is-layout-flow wp-block-column-is-layout-flow\">\n<figure class=\"wp-block-image size-full is-resized\"><a href=\"https:\/\/www.instagram.com\/carolemoonshaktiyoga\/\"><img loading=\"lazy\" decoding=\"async\" width=\"195\" height=\"195\" src=\"https:\/\/moonshaktiyoga.fr\/wp-content\/uploads\/2024\/03\/Instagram_logo_2022.svg_-3.png\" alt=\"\" class=\"wp-image-284\" style=\"width:53px;height:auto\" srcset=\"https:\/\/moonshaktiyoga.fr\/wp-content\/uploads\/2024\/03\/Instagram_logo_2022.svg_-3.png 195w, https:\/\/moonshaktiyoga.fr\/wp-content\/uploads\/2024\/03\/Instagram_logo_2022.svg_-3-150x150.png 150w\" sizes=\"(max-width: 195px) 100vw, 195px\" \/><\/a><\/figure>\n<\/div>\n<\/div>\n\n\n\n<div class=\"wp-block-columns is-layout-flex wp-container-core-columns-is-layout-5 wp-block-columns-is-layout-flex\">\n<div class=\"wp-block-column is-layout-flow wp-block-column-is-layout-flow\" style=\"flex-basis:100%\">\n<p class=\"has-text-align-center\">Suivez toute l&rsquo;actualit\u00e9 de Moon Shakti Yoga sur Facebook et Instagram en cliquant sur les Ic\u00f4nes ci-dessus! <\/p>\n<\/div>\n<\/div>\n\n\n\n<div class=\"wp-block-columns is-layout-flex wp-container-core-columns-is-layout-6 wp-block-columns-is-layout-flex\">\n<div class=\"wp-block-column is-layout-flow wp-block-column-is-layout-flow\">\n<figure class=\"wp-block-image size-large\"><img loading=\"lazy\" decoding=\"async\" width=\"724\" height=\"1024\" src=\"https:\/\/moonshaktiyoga.fr\/wp-content\/uploads\/2025\/08\/affiche-A4-A3-cours-coll-2025-2026-724x1024.png\" alt=\"planning cours collectifs A4\" class=\"wp-image-523\" srcset=\"https:\/\/moonshaktiyoga.fr\/wp-content\/uploads\/2025\/08\/affiche-A4-A3-cours-coll-2025-2026-724x1024.png 724w, https:\/\/moonshaktiyoga.fr\/wp-content\/uploads\/2025\/08\/affiche-A4-A3-cours-coll-2025-2026-212x300.png 212w, https:\/\/moonshaktiyoga.fr\/wp-content\/uploads\/2025\/08\/affiche-A4-A3-cours-coll-2025-2026-768x1086.png 768w, https:\/\/moonshaktiyoga.fr\/wp-content\/uploads\/2025\/08\/affiche-A4-A3-cours-coll-2025-2026-1086x1536.png 1086w, https:\/\/moonshaktiyoga.fr\/wp-content\/uploads\/2025\/08\/affiche-A4-A3-cours-coll-2025-2026-1448x2048.png 1448w, https:\/\/moonshaktiyoga.fr\/wp-content\/uploads\/2025\/08\/affiche-A4-A3-cours-coll-2025-2026.png 1587w\" sizes=\"(max-width: 724px) 100vw, 724px\" \/><\/figure>\n<\/div>\n\n\n\n<div class=\"wp-block-column is-layout-flow wp-block-column-is-layout-flow\">\n<figure class=\"wp-block-image size-large\"><img loading=\"lazy\" decoding=\"async\" width=\"724\" height=\"1024\" src=\"https:\/\/moonshaktiyoga.fr\/wp-content\/uploads\/2025\/04\/tarifs-MSY-01022025-724x1024.png\" alt=\"tarifs MSY\" class=\"wp-image-470\" srcset=\"https:\/\/moonshaktiyoga.fr\/wp-content\/uploads\/2025\/04\/tarifs-MSY-01022025-724x1024.png 724w, https:\/\/moonshaktiyoga.fr\/wp-content\/uploads\/2025\/04\/tarifs-MSY-01022025-212x300.png 212w, https:\/\/moonshaktiyoga.fr\/wp-content\/uploads\/2025\/04\/tarifs-MSY-01022025-768x1086.png 768w, https:\/\/moonshaktiyoga.fr\/wp-content\/uploads\/2025\/04\/tarifs-MSY-01022025-1086x1536.png 1086w, https:\/\/moonshaktiyoga.fr\/wp-content\/uploads\/2025\/04\/tarifs-MSY-01022025-1448x2048.png 1448w, https:\/\/moonshaktiyoga.fr\/wp-content\/uploads\/2025\/04\/tarifs-MSY-01022025.png 1587w\" sizes=\"(max-width: 724px) 100vw, 724px\" \/><\/figure>\n<\/div>\n<\/div>\n","protected":false},"excerpt":{"rendered":"<p>YOGA Bas\u00e9e sur Moll\u00e9g\u00e8s, en Provence et au pied des Alpilles, je propose des cours collectifs, ateliers th\u00e9matiques et s\u00e9ances de yogath\u00e9rapie, de yoga de la femme et yoga pr\u00e9natal et post natal, pour vous aider \u00e0 apaiser corps et esprit et \u00e0 vous sentir plus align\u00e9 dans votre quotidien. REIKI USUI Cette m\u00e9thode d\u2019apposition <a class=\"read-more\" href=\"https:\/\/moonshaktiyoga.fr\/\">READ MORE<\/a><\/p>\n","protected":false},"author":1,"featured_media":107,"parent":0,"menu_order":0,"comment_status":"closed","ping_status":"closed","template":"","meta":{"om_disable_all_campaigns":false,"_monsterinsights_skip_tracking":false,"_monsterinsights_sitenote_active":false,"_monsterinsights_sitenote_note":"","_monsterinsights_sitenote_category":0,"footnotes":""},"aioseo_notices":[],"_links":{"self":[{"href":"https:\/\/moonshaktiyoga.fr\/index.php\/wp-json\/wp\/v2\/pages\/37"}],"collection":[{"href":"https:\/\/moonshaktiyoga.fr\/index.php\/wp-json\/wp\/v2\/pages"}],"about":[{"href":"https:\/\/moonshaktiyoga.fr\/index.php\/wp-json\/wp\/v2\/types\/page"}],"author":[{"embeddable":true,"href":"https:\/\/moonshaktiyoga.fr\/index.php\/wp-json\/wp\/v2\/users\/1"}],"replies":[{"embeddable":true,"href":"https:\/\/moonshaktiyoga.fr\/index.php\/wp-json\/wp\/v2\/comments?post=37"}],"version-history":[{"count":44,"href":"https:\/\/moonshaktiyoga.fr\/index.php\/wp-json\/wp\/v2\/pages\/37\/revisions"}],"predecessor-version":[{"id":530,"href":"https:\/\/moonshaktiyoga.fr\/index.php\/wp-json\/wp\/v2\/pages\/37\/revisions\/530"}],"wp:featuredmedia":[{"embeddable":true,"href":"https:\/\/moonshaktiyoga.fr\/index.php\/wp-json\/wp\/v2\/media\/107"}],"wp:attachment":[{"href":"https:\/\/moonshaktiyoga.fr\/index.php\/wp-json\/wp\/v2\/media?parent=37"}],"curies":[{"name":"wp","href":"https:\/\/api.w.org\/{rel}","templated":true}]}}