{"id":68,"date":"2024-03-13T08:52:04","date_gmt":"2024-03-13T07:52:04","guid":{"rendered":"https:\/\/moonshaktiyoga.fr\/?page_id=68"},"modified":"2025-08-21T20:29:07","modified_gmt":"2025-08-21T18:29:07","slug":"reiki-usui","status":"publish","type":"page","link":"https:\/\/moonshaktiyoga.fr\/index.php\/reiki-usui\/","title":{"rendered":"Reiki Usui"},"content":{"rendered":"\n<div class=\"wp-block-columns is-layout-flex wp-container-core-columns-is-layout-1 wp-block-columns-is-layout-flex\">\n<div class=\"wp-block-column is-layout-flow wp-block-column-is-layout-flow\">\n<figure class=\"wp-block-image size-full\"><img loading=\"lazy\" decoding=\"async\" width=\"486\" height=\"322\" src=\"https:\/\/moonshaktiyoga.fr\/wp-content\/uploads\/2024\/03\/reiki-image-libre-de-droit.png\" alt=\"\" class=\"wp-image-224\" srcset=\"https:\/\/moonshaktiyoga.fr\/wp-content\/uploads\/2024\/03\/reiki-image-libre-de-droit.png 486w, https:\/\/moonshaktiyoga.fr\/wp-content\/uploads\/2024\/03\/reiki-image-libre-de-droit-300x199.png 300w\" sizes=\"(max-width: 486px) 100vw, 486px\" \/><\/figure>\n<\/div>\n\n\n\n<div class=\"wp-block-column is-layout-flow wp-block-column-is-layout-flow\">\n<p>Reiki signifie litt\u00e9ralement \u00e9nergie de l&rsquo;esprit ou \u00e9nergie spirituelle et Usui vient de Mikao USUI, qui a permis, en 1922, de red\u00e9couvrir ce syst\u00e8me beaucoup plus ancien et vraisemblablement d&rsquo;origine indienne, comme en atteste les textes vieux de plus de 2500 ans en sanskrit qu&rsquo;il a retrouv\u00e9s (montrant une fois de plus que l&rsquo;ayurveda est la grand-m\u00e8re de toutes les m\u00e9decines). <\/p>\n\n\n\n<p>Le soin Reiki Usui consiste en une transmission, par les mains du praticien, <strong>qui n&rsquo;est qu&rsquo;un canal rappelons-le<\/strong>, de l&rsquo;\u00e9nergie du Reiki, avec<strong> douceur et bienveillance,<\/strong> pour apporter <strong>apaisement et d\u00e9tente<\/strong>, physique, psychique et \u00e9motionnelle. Le soin peut \u00e9galement aider \u00e0 <strong>d\u00e9bloquer certains n\u0153uds \u00e9nerg\u00e9tiques<\/strong> qui peuvent \u00eatre \u00e0 l&rsquo;origine de certaines blessures, maladies ou inconforts. <\/p>\n\n\n\n<p>Titulaire d&rsquo;un <strong>degr\u00e9 4 de maitre-enseignant en Reiki Usui <\/strong>j&rsquo;organise des initiations afin de permettre \u00e0 d&rsquo;autres personnes d&rsquo;\u00eatre canal de cette \u00e9nergie universelle de pure lumi\u00e8re.<\/p>\n\n\n\n<p><strong>D\u00e9roulement d&rsquo;un soin: <\/strong>le soin d\u00e9bute au niveau de la t\u00eate, je passe en revue les <em>chakras <\/em>(roues \u00e9nerg\u00e9tiques), puis les organes et les membres, pour ensuite laisser revenir mes mains sur les zones o\u00f9 j&rsquo;en ressens le besoin, d&rsquo;un point de vue \u00e9nerg\u00e9tique. Puis je termine le soin par un lissage de l&rsquo;aura.<\/p>\n\n\n\n<p>Le <strong>soin Reiki n&rsquo;est pas une baguette magique<\/strong> qui va solutionner vos probl\u00e8mes. En effet, je suis convaincue que nous sommes, nous-seuls, \u00e0 m\u00eame d&rsquo;y apporter une solution. Les autres ne sont l\u00e0 que pour nous accompagner. Le Reiki va donc aider la personne<strong> \u00e0 aller vers ce qui est juste et bon pour elle au moment donn\u00e9. <\/strong><\/p>\n\n\n\n<p>En effet, je suis \u00e9galement convaincue que chaque maladie, inconfort, tension, que le  corps et la psych\u00e9 manifestent constituent autant de message de notre \u00e2me pour nous faire avancer sur notre chemin de vie (<em>Dharma<\/em>). <strong>Que ce soit \u00e0 travers le yoga, l&rsquo;ayurv\u00e9da ou le Reiki, je pars du principe que le corps est un messager fid\u00e8le et juste, libre \u00e0 nous ensuite de l&rsquo;\u00e9couter ou pas lorsqu&rsquo;il nous guide sur notre chemin et nous indique si ce que l&rsquo;on fait \/ vit est align\u00e9 ou non.<\/strong><\/p>\n\n\n\n<p><strong>Dur\u00e9e<\/strong>: 1h<\/p>\n\n\n\n<p><strong>Tarif<\/strong>: 60 euros<\/p>\n<\/div>\n<\/div>\n\n\n\n<div class=\"wp-block-columns is-layout-flex wp-container-core-columns-is-layout-2 wp-block-columns-is-layout-flex\">\n<div class=\"wp-block-column is-layout-flow wp-block-column-is-layout-flow\" style=\"flex-basis:100%\">\n<p>Prenons l&rsquo;exemple d&rsquo;un ecz\u00e9ma. L&rsquo;objectif d&rsquo;une s\u00e9ance n&rsquo;est pas de le faire disparaitre par un soin comme certains l&rsquo;esp\u00e8re, car cette maladie de la peau est bien l\u00e0 pour faire passer un message \u00e0 la personne qui en souffre. Rappelons que la peau est l&rsquo;organe qui constitue une protection en nous et le monde ext\u00e9rieur, une maladie de peau sera donc rattach\u00e9e \u00e0 nos relations aux autres, et notamment un conflit de s\u00e9paration, une perte de contact (Source: www.estelledaves.com). Le soin Reiki va aider les \u00e9nergies \u00e0 circuler afin que la personne qui souffre d&rsquo;ecz\u00e9ma puisse aller vers une compr\u00e9hension, mais aussi une int\u00e9gration dans son quotidien, de ce qui est \u00e0 l&rsquo;origine de cette pathologie, pour un meilleur alignement sur son chemin de vie. <\/p>\n<\/div>\n<\/div>\n\n\n\n<p>Le cabinet se trouve \u00e0 Moll\u00e9g\u00e8s(13940), village de Provence, au pied des Alpilles, \u00e0 5 minutes d\u2019Eygali\u00e8res, Saint-Andiol et de Plan d\u2019Orgon et \u00e0 10 minutes de Saint R\u00e9my de Provence.<\/p>\n","protected":false},"excerpt":{"rendered":"<p>Reiki signifie litt\u00e9ralement \u00e9nergie de l&rsquo;esprit ou \u00e9nergie spirituelle et Usui vient de Mikao USUI, qui a permis, en 1922, de red\u00e9couvrir ce syst\u00e8me beaucoup plus ancien et vraisemblablement d&rsquo;origine indienne, comme en atteste les textes vieux de plus de 2500 ans en sanskrit qu&rsquo;il a retrouv\u00e9s (montrant une fois de plus que l&rsquo;ayurveda est <a class=\"read-more\" href=\"https:\/\/moonshaktiyoga.fr\/index.php\/reiki-usui\/\">READ MORE<\/a><\/p>\n","protected":false},"author":1,"featured_media":0,"parent":0,"menu_order":0,"comment_status":"closed","ping_status":"closed","template":"","meta":{"om_disable_all_campaigns":false,"_monsterinsights_skip_tracking":false,"_monsterinsights_sitenote_active":false,"_monsterinsights_sitenote_note":"","_monsterinsights_sitenote_category":0,"footnotes":""},"aioseo_notices":[],"_links":{"self":[{"href":"https:\/\/moonshaktiyoga.fr\/index.php\/wp-json\/wp\/v2\/pages\/68"}],"collection":[{"href":"https:\/\/moonshaktiyoga.fr\/index.php\/wp-json\/wp\/v2\/pages"}],"about":[{"href":"https:\/\/moonshaktiyoga.fr\/index.php\/wp-json\/wp\/v2\/types\/page"}],"author":[{"embeddable":true,"href":"https:\/\/moonshaktiyoga.fr\/index.php\/wp-json\/wp\/v2\/users\/1"}],"replies":[{"embeddable":true,"href":"https:\/\/moonshaktiyoga.fr\/index.php\/wp-json\/wp\/v2\/comments?post=68"}],"version-history":[{"count":10,"href":"https:\/\/moonshaktiyoga.fr\/index.php\/wp-json\/wp\/v2\/pages\/68\/revisions"}],"predecessor-version":[{"id":505,"href":"https:\/\/moonshaktiyoga.fr\/index.php\/wp-json\/wp\/v2\/pages\/68\/revisions\/505"}],"wp:attachment":[{"href":"https:\/\/moonshaktiyoga.fr\/index.php\/wp-json\/wp\/v2\/media?parent=68"}],"curies":[{"name":"wp","href":"https:\/\/api.w.org\/{rel}","templated":true}]}}