{"id":71,"date":"2024-03-13T08:52:04","date_gmt":"2024-03-13T07:52:04","guid":{"rendered":"https:\/\/moonshaktiyoga.fr\/?page_id=71"},"modified":"2025-08-21T20:30:21","modified_gmt":"2025-08-21T18:30:21","slug":"yoga-perinatal","status":"publish","type":"page","link":"https:\/\/moonshaktiyoga.fr\/index.php\/yoga-perinatal\/","title":{"rendered":"Yoga p\u00e9rinatal &#038; de la femme"},"content":{"rendered":"\n<div class=\"wp-block-buttons is-content-justification-right is-layout-flex wp-container-core-buttons-is-layout-1 wp-block-buttons-is-layout-flex\">\n<div class=\"wp-block-button\"><a class=\"wp-block-button__link wp-element-button\" href=\"https:\/\/liberlo.com\/profil\/carole-maurel\/\" target=\"_blank\" rel=\"noopener\"><img decoding=\"async\" src=\"https:\/\/liberlo.com\/wp-content\/themes\/liberlo\/assets\/imgs\/logo-simple-blanc.png\" alt=\"\"><span class=\"text\">RDV sur Liberlo.com<\/span><\/a><\/div>\n<\/div>\n\n\n\n<p><\/p>\n\n\n\n<div class=\"wp-block-columns is-layout-flex wp-container-core-columns-is-layout-2 wp-block-columns-is-layout-flex\">\n<div class=\"wp-block-column is-layout-flow wp-block-column-is-layout-flow\">\n<figure class=\"wp-block-image size-full\"><img loading=\"lazy\" decoding=\"async\" width=\"627\" height=\"442\" src=\"https:\/\/moonshaktiyoga.fr\/wp-content\/uploads\/2024\/03\/perinatal-image-libre-de-droit.png\" alt=\"\" class=\"wp-image-241\" srcset=\"https:\/\/moonshaktiyoga.fr\/wp-content\/uploads\/2024\/03\/perinatal-image-libre-de-droit.png 627w, https:\/\/moonshaktiyoga.fr\/wp-content\/uploads\/2024\/03\/perinatal-image-libre-de-droit-300x211.png 300w\" sizes=\"(max-width: 627px) 100vw, 627px\" \/><\/figure>\n\n\n\n<p><strong>Yoga P\u00e9rinatal: <\/strong><\/p>\n\n\n\n<p>Accompagner la future maman dans sa grossesse, lui permettre d\u2019apprivoiser les changements de son corps et la pr\u00e9parer \u00e0 ce passage initiatique, pr\u00e9venir certains inconforts qui peuvent survenir (centre de gravit\u00e9, prise de poids, essoufflement&#8230;), renforcer le p\u00e9rin\u00e9e et les membres inf\u00e9rieurs et ouvrir la cage thoracique, se d\u00e9tendre et se connecter \u00e0 b\u00e9b\u00e9&#8230; <\/p>\n\n\n\n<p>Ces s\u00e9ances peuvent aussi aider la femme \u00e0 g\u00e9rer son post-partum, se r\u00e9-approprier peu \u00e0 peu son corps de femme et de m\u00e8re apr\u00e8s l&rsquo;accouchement, se remettre en forme apr\u00e8s la grossesse et b\u00e9n\u00e9ficier d&rsquo;un soutien dans les premiers mois suivant la naissance. <\/p>\n\n\n\n<p><strong>Tarif<\/strong>: 40 euros (50 euros \u00e0 domicile)<\/p>\n\n\n\n<p><strong>Dur\u00e9e:<\/strong> 40 minutes<\/p>\n<\/div>\n\n\n\n<div class=\"wp-block-column is-layout-flow wp-block-column-is-layout-flow\">\n<p>La femme est de nature cyclique, et elle \u00e9volue dans un environnement naturel cyclique (saison, lune, cycle de vie de la nature&#8230;).<em> A contrario<\/em>, la soci\u00e9t\u00e9 nous incite \u00e0 la lin\u00e9arit\u00e9, \u00e0 toujours \u00eatre performante, toujours \u00eatre disponible, faire 1000 choses \u00e0 la fois, sans tenir compte des cons\u00e9quences internes de cette cyclicit\u00e9&#8230; <\/p>\n\n\n\n<p><strong>Comprendre et accepter cette cyclicit\u00e9 et les variations qu&rsquo;elle produit tant en termes d&rsquo;\u00e9nergie que d&rsquo;humeur, permet d&rsquo;apaiser les tensions internes que cette dualit\u00e9 g\u00e9n\u00e8re. <\/strong>\u00c9tant moi-m\u00eame en proie \u00e0 cette dualit\u00e9 il y a quelques ann\u00e9es, je me suis form\u00e9e au Yoga de la Femme lunaire. Cela m&rsquo;a permis de me r\u00e9concilier avec certaines parts de moi et mettre en place des am\u00e9nagements dans ma vie pour me sentir mieux et r\u00e9duire ma tendance \u00e0 me sur-adapter en permanence, source d&rsquo;\u00e9puisement physique comme mental, et par cons\u00e9quent de pathologies et inconforts chroniques. <\/p>\n\n\n\n<p><strong>Yoga de la Femme: <\/strong><\/p>\n\n\n\n<p>J&rsquo;accompagne les femmes dans leurs grandes \u00e9tapes de leur vie de femme (m\u00e9narches, p\u00e9rinatalit\u00e9, m\u00e9nopause, mais aussi endom\u00e9triose, fausse couches, gestion de leur cycle menstruel et ses d\u00e9sagr\u00e9ments&#8230;), mais aussi dans ce qu&rsquo;elle vive au quotidien (changement d&rsquo;orientation professionnelle, changement de vie personnelle, s\u00e9paration&#8230;). <\/p>\n\n\n\n<p>A travers ces s\u00e9ances, l&rsquo;objectif est de se sentir soutenue, \u00e9cout\u00e9e et comprise dans ces \u00e9tapes de vie, et avoir \u00e0 sa disposition des outils pour cheminer et aligner sa vie et vivre plus sereinement les diverses versions de nous-m\u00eame (femme, compagne, m\u00e8re, amie&#8230;).<\/p>\n\n\n\n<p><strong>Tarif<\/strong>: 60 euros avec vid\u00e9o<\/p>\n\n\n\n<p>          50 euros sans vid\u00e9o<\/p>\n\n\n\n<p><strong>Dur\u00e9e<\/strong>: 1h <\/p>\n\n\n\n<p><\/p>\n\n\n\n<div class=\"wp-block-columns is-layout-flex wp-container-core-columns-is-layout-1 wp-block-columns-is-layout-flex\">\n<div class=\"wp-block-column is-layout-flow wp-block-column-is-layout-flow\"><\/div>\n<\/div>\n<\/div>\n<\/div>\n\n\n\n<p>Le cabinet se trouve \u00e0 Moll\u00e9g\u00e8s(13940), village de Provence, au pied des Alpilles, \u00e0 5 minutes d\u2019Eygali\u00e8res, Saint-Andiol et de Plan d\u2019Orgon et \u00e0 10 minutes de Saint R\u00e9my de Provence.<\/p>\n","protected":false},"excerpt":{"rendered":"<p>Yoga P\u00e9rinatal: Accompagner la future maman dans sa grossesse, lui permettre d\u2019apprivoiser les changements de son corps et la pr\u00e9parer \u00e0 ce passage initiatique, pr\u00e9venir certains inconforts qui peuvent survenir (centre de gravit\u00e9, prise de poids, essoufflement&#8230;), renforcer le p\u00e9rin\u00e9e et les membres inf\u00e9rieurs et ouvrir la cage thoracique, se d\u00e9tendre et se connecter \u00e0 <a class=\"read-more\" href=\"https:\/\/moonshaktiyoga.fr\/index.php\/yoga-perinatal\/\">READ MORE<\/a><\/p>\n","protected":false},"author":1,"featured_media":0,"parent":0,"menu_order":0,"comment_status":"closed","ping_status":"closed","template":"","meta":{"om_disable_all_campaigns":false,"_monsterinsights_skip_tracking":false,"_monsterinsights_sitenote_active":false,"_monsterinsights_sitenote_note":"","_monsterinsights_sitenote_category":0,"footnotes":""},"aioseo_notices":[],"_links":{"self":[{"href":"https:\/\/moonshaktiyoga.fr\/index.php\/wp-json\/wp\/v2\/pages\/71"}],"collection":[{"href":"https:\/\/moonshaktiyoga.fr\/index.php\/wp-json\/wp\/v2\/pages"}],"about":[{"href":"https:\/\/moonshaktiyoga.fr\/index.php\/wp-json\/wp\/v2\/types\/page"}],"author":[{"embeddable":true,"href":"https:\/\/moonshaktiyoga.fr\/index.php\/wp-json\/wp\/v2\/users\/1"}],"replies":[{"embeddable":true,"href":"https:\/\/moonshaktiyoga.fr\/index.php\/wp-json\/wp\/v2\/comments?post=71"}],"version-history":[{"count":10,"href":"https:\/\/moonshaktiyoga.fr\/index.php\/wp-json\/wp\/v2\/pages\/71\/revisions"}],"predecessor-version":[{"id":507,"href":"https:\/\/moonshaktiyoga.fr\/index.php\/wp-json\/wp\/v2\/pages\/71\/revisions\/507"}],"wp:attachment":[{"href":"https:\/\/moonshaktiyoga.fr\/index.php\/wp-json\/wp\/v2\/media?parent=71"}],"curies":[{"name":"wp","href":"https:\/\/api.w.org\/{rel}","templated":true}]}}